{"id":1180,"date":"2024-03-16T16:04:50","date_gmt":"2024-03-16T16:04:50","guid":{"rendered":"https:\/\/psicoresiliencia.com\/?page_id=1180"},"modified":"2025-10-18T12:27:41","modified_gmt":"2025-10-18T11:27:41","slug":"consentimento-informado","status":"publish","type":"page","link":"https:\/\/psicoresiliencia.com\/index.php\/consentimento-informado\/","title":{"rendered":"Consentimento Informado"},"content":{"rendered":"\t\t<div data-elementor-type=\"wp-page\" data-elementor-id=\"1180\" class=\"elementor elementor-1180\" data-elementor-post-type=\"page\">\n\t\t\t\t<div class=\"elementor-element elementor-element-2f53a98 e-con-full e-flex e-con e-parent\" data-id=\"2f53a98\" data-element_type=\"container\" data-e-type=\"container\" data-settings=\"{&quot;background_background&quot;:&quot;classic&quot;,&quot;shape_divider_bottom&quot;:&quot;pyramids&quot;}\">\n\t\t\t\t<div class=\"elementor-shape elementor-shape-bottom\" aria-hidden=\"true\" data-negative=\"false\">\n\t\t\t<svg xmlns=\"http:\/\/www.w3.org\/2000\/svg\" viewBox=\"0 0 1000 100\" preserveAspectRatio=\"none\">\n\t<path class=\"elementor-shape-fill\" d=\"M761.9,44.1L643.1,27.2L333.8,98L0,3.8V0l1000,0v3.9\"\/>\n<\/svg>\t\t<\/div>\n\t\t<div class=\"elementor-element elementor-element-271a38c e-con-full e-flex e-con e-child\" data-id=\"271a38c\" data-element_type=\"container\" data-e-type=\"container\">\n\t\t\t\t<div class=\"elementor-element elementor-element-195e7807 elementor-widget__width-initial elementor-widget-laptop__width-initial elementor-widget elementor-widget-heading\" data-id=\"195e7807\" data-element_type=\"widget\" data-e-type=\"widget\" data-widget_type=\"heading.default\">\n\t\t\t\t<div class=\"elementor-widget-container\">\n\t\t\t\t\t<h1 class=\"elementor-heading-title elementor-size-default\">Consentimento informado<\/h1>\t\t\t\t<\/div>\n\t\t\t\t<\/div>\n\t\t\t\t<div class=\"elementor-element elementor-element-5efe2025 elementor-widget__width-initial elementor-widget elementor-widget-heading\" data-id=\"5efe2025\" data-element_type=\"widget\" data-e-type=\"widget\" data-widget_type=\"heading.default\">\n\t\t\t\t<div class=\"elementor-widget-container\">\n\t\t\t\t\t<h3 class=\"elementor-heading-title elementor-size-default\">Interven\u00e7\u00e3o \u00e0 dist\u00e2ncia<\/h3>\t\t\t\t<\/div>\n\t\t\t\t<\/div>\n\t\t\t\t<\/div>\n\t\t\t\t<\/div>\n\t\t<div class=\"elementor-element elementor-element-796a4d3 e-flex e-con-boxed e-con e-parent\" data-id=\"796a4d3\" data-element_type=\"container\" data-e-type=\"container\">\n\t\t\t\t\t<div class=\"e-con-inner\">\n\t\t\t\t<div class=\"elementor-element elementor-element-75983b6 elementor-widget__width-initial elementor-widget elementor-widget-text-editor\" data-id=\"75983b6\" data-element_type=\"widget\" data-e-type=\"widget\" data-widget_type=\"text-editor.default\">\n\t\t\t\t<div class=\"elementor-widget-container\">\n\t\t\t\t\t\t\t\t\t<p>A <strong>Rutilantemem\u00f3ria &#8211; Lda<\/strong>,&nbsp;<strong style=\"font-size: 1rem;\">adiante designada por Psicoresili\u00eancia<\/strong><span style=\"font-size: 1rem;\">, reconhece a import\u00e2ncia de informar os seus pacientes\/ clientes sobre as especificidades da interven\u00e7\u00e3o psicol\u00f3gica \u00e0 dist\u00e2ncia.<\/span><\/p>\n<p><strong>\u00c2mbito<\/strong><\/p>\n<p>Partilhar os pontos que a Ordem dos Psic\u00f3logos Portugueses considera pertinente comunicar aos clientes\/pacientes e garantir o seu consentimento informado.<\/p>\n<p><strong>Consentimento informado sobre interven\u00e7\u00e3o psicol\u00f3gica \u00e0 dist\u00e2ncia (Ordem dos Psic\u00f3logos Portugueses)<\/strong><\/p>\n<p>O objetivo \u00e9 apenas e s\u00f3 alertar para algumas quest\u00f5es gen\u00e9ricas associadas \u00e0 interven\u00e7\u00e3o psicol\u00f3gica \u00e0 dist\u00e2ncia, sendo que poder\u00e1 sempre consultar documentos p\u00fablicos de refer\u00eancia sobre a mat\u00e9ria como o parecer 21\/CEOPP\/2015 da Ordem dos Psic\u00f3logos Portugueses.<\/p>\n<p>Assim, quando iniciar o processo de interven\u00e7\u00e3o psicol\u00f3gica \u00e0 dist\u00e2ncia o cliente\/utente <strong><em>autoriza e d\u00e1 o seu consentimento expresso \u00e0 Psicoresili\u00eancia que:<br><\/em><\/strong><\/p>\n<ul>\n<li>O psic\u00f3logo leve a cabo uma interven\u00e7\u00e3o em circunst\u00e2ncias que, s\u00e3o sabidas, n\u00e3o se constituem como a forma ideal de comunicar num processo de interven\u00e7\u00e3o psicol\u00f3gica; ou seja, \u00e0 dist\u00e2ncia.<\/li>\n<\/ul>\n<p><strong>E que toma conhecimento que:<\/strong><\/p>\n<ul>\n<li>Os resultados da Interven\u00e7\u00e3o Psicol\u00f3gica \u00e0 dist\u00e2ncia s\u00e3o reconhecidamente positivos, existindo um elevado n\u00famero de estudos cient\u00edficos que a legitimam. Contudo, n\u00e3o se pode a\u00adrmar que os resultados sejam os mesmos da interven\u00e7\u00e3o face a face;<\/li>\n<\/ul>\n<ul>\n<li>A responsabilidade do psic\u00f3logo \u00e9 exatamente a mesma que na interven\u00e7\u00e3o face a face, colocando-se o mesmo C\u00f3digo Deontol\u00f3gico. Deve ainda existir um endere\u00e7o f\u00edsico, bem como, uma forma de identifi\u00adcar o psic\u00f3logo, nomeadamente atrav\u00e9s da sua c\u00e9dula profi\u00adssional;<\/li>\n<\/ul>\n<ul>\n<li>A interven\u00e7\u00e3o \u00e0 dist\u00e2ncia deve ser realizada apenas em situa\u00e7\u00f5es que a justifi\u00adquem, relacionadas com o problema em causa ou por situa\u00e7\u00f5es que impossibilitem a interven\u00e7\u00e3o face a face;<\/li>\n<\/ul>\n<ul>\n<li>O meio de comunica\u00e7\u00e3o para a interven\u00e7\u00e3o psicol\u00f3gica ser\u00e1 escolhido em conjunto, pelo psic\u00f3logo e pelo cliente\/paciente, tendo sido discutidas as raz\u00f5es que motivaram essa escolha e as limita\u00e7\u00f5es que lhe podem ser inerentes;<\/li>\n<\/ul>\n<p><strong>Contactos e Esclarecimento de d\u00favidas <\/strong><\/p>\n<p><strong>&nbsp;<\/strong>Em caso de d\u00favida sobre os pontos aqui apresentados, poder\u00e1 contactar-nos atrav\u00e9s de e-mail: <a href=\"mailto:geral@psicoresiliencia.com\">geral@psicoresiliencia.com<\/a><\/p>\t\t\t\t\t\t\t\t<\/div>\n\t\t\t\t<\/div>\n\t\t\t\t\t<\/div>\n\t\t\t\t<\/div>\n\t\t\t\t<\/div>\n\t\t","protected":false},"excerpt":{"rendered":"<p>Consentimento informado, informa\u00e7\u00e3o importante para clientes em situa\u00e7\u00e3o de aconselhamento ou psicoterapia online.<\/p>\n","protected":false},"author":1,"featured_media":0,"parent":0,"menu_order":0,"comment_status":"closed","ping_status":"closed","template":"","meta":{"footnotes":""},"class_list":["post-1180","page","type-page","status-publish","hentry"],"_links":{"self":[{"href":"https:\/\/psicoresiliencia.com\/index.php\/wp-json\/wp\/v2\/pages\/1180","targetHints":{"allow":["GET"]}}],"collection":[{"href":"https:\/\/psicoresiliencia.com\/index.php\/wp-json\/wp\/v2\/pages"}],"about":[{"href":"https:\/\/psicoresiliencia.com\/index.php\/wp-json\/wp\/v2\/types\/page"}],"author":[{"embeddable":true,"href":"https:\/\/psicoresiliencia.com\/index.php\/wp-json\/wp\/v2\/users\/1"}],"replies":[{"embeddable":true,"href":"https:\/\/psicoresiliencia.com\/index.php\/wp-json\/wp\/v2\/comments?post=1180"}],"version-history":[{"count":0,"href":"https:\/\/psicoresiliencia.com\/index.php\/wp-json\/wp\/v2\/pages\/1180\/revisions"}],"wp:attachment":[{"href":"https:\/\/psicoresiliencia.com\/index.php\/wp-json\/wp\/v2\/media?parent=1180"}],"curies":[{"name":"wp","href":"https:\/\/api.w.org\/{rel}","templated":true}]}}