{"id":1603,"date":"2024-03-26T13:59:47","date_gmt":"2024-03-26T13:59:47","guid":{"rendered":"https:\/\/psicoresiliencia.com\/?page_id=1603"},"modified":"2026-01-15T14:15:28","modified_gmt":"2026-01-15T14:15:28","slug":"empresas-agendar-reuniao","status":"publish","type":"page","link":"https:\/\/psicoresiliencia.com\/index.php\/psicoterapia-para-empresas\/empresas-agendar-reuniao\/","title":{"rendered":"Empresas agendar reuni\u00e3o"},"content":{"rendered":"\t\t<div data-elementor-type=\"wp-page\" data-elementor-id=\"1603\" class=\"elementor elementor-1603\" data-elementor-post-type=\"page\">\n\t\t\t\t<div class=\"elementor-element elementor-element-031f7e4 e-con-full e-flex e-con e-parent\" data-id=\"031f7e4\" data-element_type=\"container\" data-e-type=\"container\" data-settings=\"{&quot;background_background&quot;:&quot;classic&quot;,&quot;shape_divider_bottom&quot;:&quot;pyramids&quot;}\">\n\t\t\t\t<div class=\"elementor-shape elementor-shape-bottom\" aria-hidden=\"true\" data-negative=\"false\">\n\t\t\t<svg xmlns=\"http:\/\/www.w3.org\/2000\/svg\" viewBox=\"0 0 1000 100\" preserveAspectRatio=\"none\">\n\t<path class=\"elementor-shape-fill\" d=\"M761.9,44.1L643.1,27.2L333.8,98L0,3.8V0l1000,0v3.9\"\/>\n<\/svg>\t\t<\/div>\n\t\t<div class=\"elementor-element elementor-element-11a1688 e-con-full e-flex e-con e-child\" data-id=\"11a1688\" data-element_type=\"container\" data-e-type=\"container\">\n\t\t\t\t<div class=\"elementor-element elementor-element-a717276 elementor-widget__width-initial elementor-widget-laptop__width-initial elementor-widget elementor-widget-heading\" data-id=\"a717276\" data-element_type=\"widget\" data-e-type=\"widget\" data-widget_type=\"heading.default\">\n\t\t\t\t<div class=\"elementor-widget-container\">\n\t\t\t\t\t<h1 class=\"elementor-heading-title elementor-size-default\">Marca\u00e7\u00e3o de Reuni\u00e3o<\/h1>\t\t\t\t<\/div>\n\t\t\t\t<\/div>\n\t\t\t\t<\/div>\n\t\t\t\t<\/div>\n\t\t<div class=\"elementor-element elementor-element-bdae81a e-flex e-con-boxed e-con e-parent\" data-id=\"bdae81a\" data-element_type=\"container\" data-e-type=\"container\">\n\t\t\t\t\t<div class=\"e-con-inner\">\n\t\t<div class=\"elementor-element elementor-element-f549e87 e-con-full e-flex e-con e-child\" data-id=\"f549e87\" data-element_type=\"container\" data-e-type=\"container\">\n\t\t\t\t<div class=\"elementor-element elementor-element-6a3f5dc elementor-widget elementor-widget-heading\" data-id=\"6a3f5dc\" data-element_type=\"widget\" data-e-type=\"widget\" data-widget_type=\"heading.default\">\n\t\t\t\t<div class=\"elementor-widget-container\">\n\t\t\t\t\t<h2 class=\"elementor-heading-title elementor-size-default\">Instru\u00e7\u00f5es para Marca\u00e7\u00e3o de Reuni\u00e3o:<\/h2>\t\t\t\t<\/div>\n\t\t\t\t<\/div>\n\t\t\t\t<div class=\"elementor-element elementor-element-7609f9e elementor-widget elementor-widget-text-editor\" data-id=\"7609f9e\" data-element_type=\"widget\" data-e-type=\"widget\" data-widget_type=\"text-editor.default\">\n\t\t\t\t<div class=\"elementor-widget-container\">\n\t\t\t\t\t\t\t\t\t<ol><li>No formul\u00e1rio ao lado preencha com os seus dados de identifica\u00e7\u00e3o (primeiro e \u00faltimo nome, e-mail e contacto telef\u00f3nico).<\/li><li>Indique duas data e hor\u00e1rios da sua prefer\u00eancia para a realiza\u00e7\u00e3o da reuni\u00e3o, escolha os temas a debater, bem como a plataforma que gostaria de usar.\u00a0<\/li><li>Receberemos o seu pedido ao clicar em submeter pedido de reuni\u00e3o.<\/li><li>Entraremos em contacto, o mais breve poss\u00edvel, como toda a informa\u00e7\u00e3o necess\u00e1rio para a realiza\u00e7\u00e3o da reuni\u00e3o.<\/li><\/ol>\t\t\t\t\t\t\t\t<\/div>\n\t\t\t\t<\/div>\n\t\t\t\t<\/div>\n\t\t<div class=\"elementor-element elementor-element-740bca7 e-con-full e-flex e-con e-child\" data-id=\"740bca7\" data-element_type=\"container\" data-e-type=\"container\">\n\t\t\t\t<div class=\"elementor-element elementor-element-4eefe37 elementor-widget elementor-widget-shortcode\" data-id=\"4eefe37\" data-element_type=\"widget\" data-e-type=\"widget\" data-widget_type=\"shortcode.default\">\n\t\t\t\t<div class=\"elementor-widget-container\">\n\t\t\t\t\t\t\t<div class=\"elementor-shortcode\"><div class=\"forminator-ui forminator-custom-form forminator-custom-form-6882 forminator-design--flat  forminator_ajax\" data-forminator-render=\"0\" data-form=\"forminator-module-6882\" data-uid=\"6a046720bdb8b\"><br\/><\/div><form\n\t\t\t\tid=\"forminator-module-6882\"\n\t\t\t\tclass=\"forminator-ui forminator-custom-form forminator-custom-form-6882 forminator-design--flat  forminator_ajax\"\n\t\t\t\tmethod=\"post\"\n\t\t\t\tdata-forminator-render=\"0\"\n\t\t\t\tdata-form-id=\"6882\"\n\t\t\t\t data-color-option=\"default\" data-design=\"flat\" data-grid=\"open\" style=\"display: none;\"\n\t\t\t\tdata-uid=\"6a046720bdb8b\"\n\t\t\t><div role=\"alert\" aria-live=\"polite\" class=\"forminator-response-message forminator-error\" aria-hidden=\"true\"><\/div><div class=\"forminator-row\"><div id=\"name-1\" class=\"forminator-field-name forminator-col forminator-col-6 \"><div class=\"forminator-field\"><label for=\"forminator-field-name-1_6a046720bdb8b\" id=\"forminator-field-name-1_6a046720bdb8b-label\" class=\"forminator-label\">Nome <span class=\"forminator-required\">*<\/span><\/label><input type=\"text\" name=\"name-1\" value=\"\" placeholder=\"\" id=\"forminator-field-name-1_6a046720bdb8b\" class=\"forminator-input forminator-name--field\" aria-required=\"true\" autocomplete=\"name\" \/><\/div><\/div><div id=\"name-2\" class=\"forminator-field-name forminator-col forminator-col-6 \"><div class=\"forminator-field\"><label for=\"forminator-field-name-2_6a046720bdb8b\" id=\"forminator-field-name-2_6a046720bdb8b-label\" class=\"forminator-label\">Empresa <span class=\"forminator-required\">*<\/span><\/label><input type=\"text\" name=\"name-2\" value=\"\" placeholder=\"\" id=\"forminator-field-name-2_6a046720bdb8b\" class=\"forminator-input forminator-name--field\" aria-required=\"true\" autocomplete=\"name\" \/><\/div><\/div><\/div><div class=\"forminator-row\"><div id=\"email-1\" class=\"forminator-field-email forminator-col forminator-col-6 \"><div class=\"forminator-field\"><label for=\"forminator-field-email-1_6a046720bdb8b\" id=\"forminator-field-email-1_6a046720bdb8b-label\" class=\"forminator-label\">E-mail <span class=\"forminator-required\">*<\/span><\/label><input type=\"email\" name=\"email-1\" value=\"\" placeholder=\"\" id=\"forminator-field-email-1_6a046720bdb8b\" class=\"forminator-input forminator-email--field\" data-required=\"1\" aria-required=\"true\" autocomplete=\"email\" \/><\/div><\/div><div id=\"phone-1\" class=\"forminator-field-phone forminator-col forminator-col-6 \"><div class=\"forminator-field\"><label for=\"forminator-field-phone-1_6a046720bdb8b\" id=\"forminator-field-phone-1_6a046720bdb8b-label\" class=\"forminator-label\">Contacto telef\u00f3nico<\/label><input type=\"text\" name=\"phone-1\" value=\"\" placeholder=\"99 99 99 999\" id=\"forminator-field-phone-1_6a046720bdb8b\" class=\"forminator-input forminator-field--phone\" data-required=\"\" aria-required=\"false\" autocomplete=\"off\" data-national_mode=\"enabled\" data-country=\"pt\" data-validation=\"standard\" \/><\/div><\/div><\/div><div class=\"forminator-row\"><div id=\"number-1\" class=\"forminator-field-number forminator-col forminator-col-12 \"><div class=\"forminator-field\"><label for=\"forminator-field-number-1_6a046720bdb8b\" id=\"forminator-field-number-1_6a046720bdb8b-label\" class=\"forminator-label\">Indique duas datas e hor\u00e1rios da sua prefer\u00eancia para realiza\u00e7\u00e3o da reuni\u00e3o. <span class=\"forminator-required\">*<\/span><\/label><input name=\"number-1\" value=\"\" placeholder=\"\" id=\"forminator-field-number-1_6a046720bdb8b\" class=\"forminator-input forminator-number--field\" inputmode=\"decimal\" data-required=\"1\" data-decimals=\"0\" aria-required=\"true\" data-inputmask=\"&#039;groupSeparator&#039;: &#039;&#039;, &#039;radixPoint&#039;: &#039;&#039;, &#039;digits&#039;: &#039;0&#039;\" data-hidden-behavior=\"zero\" type=\"number\" step=\"any\" min=\"1\" max=\"20000\" \/><\/div><\/div><\/div><div class=\"forminator-row\"><div id=\"checkbox-1\" class=\"forminator-field-checkbox forminator-col forminator-col-12 \"><div role=\"group\" class=\"forminator-field required\" aria-labelledby=\"forminator-checkbox-group-forminator-field-checkbox-1-6a046720bdb8b-label\"><span id=\"forminator-checkbox-group-forminator-field-checkbox-1-6a046720bdb8b-label\" class=\"forminator-label\">Que assuntos gostaria de discutir na reuni\u00e3o? <span class=\"forminator-required\">*<\/span><\/span><label id=\"forminator-field-checkbox-1-1-6a046720bdb8b-label\" for=\"forminator-field-checkbox-1-1-6a046720bdb8b\" class=\"forminator-checkbox forminator-checkbox-inline\" title=\"Sa\u00fade Mental\"><input type=\"checkbox\" name=\"checkbox-1[]\" value=\"one\" id=\"forminator-field-checkbox-1-1-6a046720bdb8b\" aria-labelledby=\"forminator-field-checkbox-1-1-6a046720bdb8b-label\" data-calculation=\"0\"   data-hidden-behavior=\"zero\"\/><span class=\"forminator-checkbox-box\" aria-hidden=\"true\"><\/span><span class=\"forminator-checkbox-label\">Sa\u00fade Mental<\/span><\/label><label id=\"forminator-field-checkbox-1-2-6a046720bdb8b-label\" for=\"forminator-field-checkbox-1-2-6a046720bdb8b\" class=\"forminator-checkbox forminator-checkbox-inline\" title=\"Avalia\u00e7\u00e3o de Riscos Psicossocias\"><input type=\"checkbox\" name=\"checkbox-1[]\" value=\"two\" id=\"forminator-field-checkbox-1-2-6a046720bdb8b\" aria-labelledby=\"forminator-field-checkbox-1-2-6a046720bdb8b-label\" data-calculation=\"0\"   data-hidden-behavior=\"zero\"\/><span class=\"forminator-checkbox-box\" aria-hidden=\"true\"><\/span><span class=\"forminator-checkbox-label\">Avalia\u00e7\u00e3o de Riscos Psicossocias<\/span><\/label><\/div><\/div><\/div><div class=\"forminator-row\"><div id=\"select-1\" class=\"forminator-field-select forminator-col forminator-col-12 \"><div class=\"forminator-field\"><label for=\"forminator-form-6882__field--select-1_6a046720bdb8b\" id=\"forminator-form-6882__field--select-1_6a046720bdb8b-label\" class=\"forminator-label\">Em que plataforma gostaria de realizar a sua reuni\u00e3o ? <span class=\"forminator-required\">*<\/span><\/label><select  id=\"forminator-form-6882__field--select-1_6a046720bdb8b\" class=\"forminator-select--field forminator-select2 forminator-select2-multiple\" data-required=\"1\" name=\"select-1\" data-default-value=\"\" data-hidden-behavior=\"zero\" data-placeholder=\"Selecione uma op\u00e7\u00e3o\" data-search=\"false\" data-search-placeholder=\"Selecione uma op\u00e7\u00e3o\" data-checkbox=\"false\" data-allow-clear=\"false\" aria-labelledby=\"forminator-form-6882__field--select-1_6a046720bdb8b-label\"><option value=\"\"  >Selecione uma op\u00e7\u00e3o<\/option><option value=\"one\"  data-calculation=\"0\">Teams<\/option><option value=\"two\"  data-calculation=\"0\">Google Meet<\/option><option value=\"WhatsApp\"  data-calculation=\"0\">WhatsApp<\/option><\/select><\/div><\/div><\/div><div class=\"forminator-row\"><div id=\"consent-1\" class=\"forminator-field-consent forminator-col forminator-col-12 \"><div class=\"forminator-field\"><div class=\"forminator-checkbox__wrapper\"><label id=\"forminator-field-consent-1_6a046720bdb8b__label\" class=\"forminator-checkbox forminator-consent\"><input type=\"checkbox\" name=\"consent-1\" id=\"forminator-field-consent-1_6a046720bdb8b\" value=\"checked\" aria-labelledby=\"forminator-field-consent-1_6a046720bdb8b-label\" aria-describedby=\"forminator-field-consent-1_6a046720bdb8b__description\" data-required=\"true\" aria-required=\"true\" \/><span class=\"forminator-checkbox-box\" aria-hidden=\"true\"><\/span><\/label><div id=\"forminator-field-consent-1_6a046720bdb8b__description\" class=\"forminator-checkbox__label forminator-consent__label\"><p>Li e concordo com a <a href=\"https:\/\/psicoresiliencia.com\/index.php\/politica-de-privacidade\/\">pol\u00edtica de privacidade.<\/a><\/p><\/div><\/div><\/div><\/div><\/div><input type=\"hidden\" name=\"referer_url\" value=\"\" \/><div class=\"forminator-row forminator-row-last\"><div class=\"forminator-col\"><div class=\"forminator-field\"><button class=\"forminator-button forminator-button-submit\">Submeter pedido de reuni&atilde;o.<\/button><\/div><\/div><\/div><input type=\"hidden\" id=\"forminator_nonce\" name=\"forminator_nonce\" value=\"a4acb0b033\" \/><input type=\"hidden\" name=\"_wp_http_referer\" value=\"\/index.php\/wp-json\/wp\/v2\/pages\/1603\" \/><input type=\"hidden\" name=\"form_id\" value=\"6882\"><input type=\"hidden\" name=\"page_id\" value=\"1603\"><input type=\"hidden\" name=\"form_type\" value=\"default\"><input type=\"hidden\" name=\"current_url\" value=\"https:\/\/psicoresiliencia.com\/index.php\/psicoterapia-para-empresas\/empresas-agendar-reuniao\/\"><input type=\"hidden\" name=\"render_id\" value=\"0\"><input type=\"hidden\" name=\"action\" value=\"forminator_submit_form_custom-forms\"><label for=\"input_9\" class=\"forminator-hidden\" aria-hidden=\"true\">Please do not fill in this field. <input id=\"input_9\" type=\"text\" name=\"input_9\" value=\"\" autocomplete=\"off\"><\/label><\/form><\/div>\n\t\t\t\t\t\t<\/div>\n\t\t\t\t<\/div>\n\t\t\t\t<\/div>\n\t\t\t\t\t<\/div>\n\t\t\t\t<\/div>\n\t\t\t\t<\/div>\n\t\t","protected":false},"excerpt":{"rendered":"<p>Agende a sua reuni\u00e3o e esclare\u00e7a os pormenores para come\u00e7ar a oferecer psicoterapia online aos seus colaboradores.<\/p>\n","protected":false},"author":1,"featured_media":0,"parent":522,"menu_order":0,"comment_status":"closed","ping_status":"closed","template":"","meta":{"footnotes":""},"class_list":["post-1603","page","type-page","status-publish","hentry"],"_links":{"self":[{"href":"https:\/\/psicoresiliencia.com\/index.php\/wp-json\/wp\/v2\/pages\/1603","targetHints":{"allow":["GET"]}}],"collection":[{"href":"https:\/\/psicoresiliencia.com\/index.php\/wp-json\/wp\/v2\/pages"}],"about":[{"href":"https:\/\/psicoresiliencia.com\/index.php\/wp-json\/wp\/v2\/types\/page"}],"author":[{"embeddable":true,"href":"https:\/\/psicoresiliencia.com\/index.php\/wp-json\/wp\/v2\/users\/1"}],"replies":[{"embeddable":true,"href":"https:\/\/psicoresiliencia.com\/index.php\/wp-json\/wp\/v2\/comments?post=1603"}],"version-history":[{"count":0,"href":"https:\/\/psicoresiliencia.com\/index.php\/wp-json\/wp\/v2\/pages\/1603\/revisions"}],"up":[{"embeddable":true,"href":"https:\/\/psicoresiliencia.com\/index.php\/wp-json\/wp\/v2\/pages\/522"}],"wp:attachment":[{"href":"https:\/\/psicoresiliencia.com\/index.php\/wp-json\/wp\/v2\/media?parent=1603"}],"curies":[{"name":"wp","href":"https:\/\/api.w.org\/{rel}","templated":true}]}}